t).
4
Let n(t) = -t. Let c be n(4). Let h(b) = b**2 + b - 9. Let z be h(c). Let a(s) = s**2 - 2*s**3 + s + z*s**3 - 6*s**3 + 4*s**3 + 13. What is a(0)?
13
Let m(j) = 2*j + 1. Let t(v) = v**3 - 5*v**2 - 25*v + 5. Let q be t(8). Determine m(q).
-5
Let d = 484 - 481. Let m(h) be the third derivative of -4/3*h**d + 0 + 0*h**4 - 3*h**2 + 1/10*h**5 + 0*h - 1/120*h**6. Determine m(6).
-8
Let o = 16 + -1. Let j be 51/o + (-12)/30. Suppose 2*l - 24 = 5*c, -5*c - j = 4*l + 9. Let a(s) = 3*s. Give a(l).
6
Let w = -4 + 3. Suppose -3*j + 3 = -2*h, -h + 0*h + 2*j = 3. Let d(b) = -3*b**2 + 3*b + b - 2*b**2 - h*b. Give d(w).
-6
Let w(p) = -p**2 - 7*p + 2. Suppose 0 = 2*n + r - 6, -5*n = 4*r - 4 - 5. Suppose s = n*s. Suppose s = 9*l - 13*l - 28. Give w(l).
2
Let r = -570 + 572. Let l(b) = -3*b**2 + 4*b - 3. Calculate l(r).
-7
Let q = -191 - -198. Let m(x) = -5*x - 8. What is m(q)?
-43
Let i(y) = -y**3 + 10*y**2 - 10*y + 13. Let j = 0 - -9. Let d be i(j). Let l(w) = 2*w - 4*w + 2 + d. What is l(4)?
-2
Let m(o) = -6*o + 1. Let r be (2 - 0) + (-2)/(-2)*-1. Determine m(r).
-5
Let o = 7 - 14. Let z be (-21)/o + (-2 - -1). Let t(b) = -9*b - b**2 + z*b**2 - 8 + 3*b. Calculate t(6).
-8
Suppose -5 - 33 = -2*s. Let q = s - 14. Let x(f) = -f**3 + 4*f**2 + 4*f + 3. Determine x(q).
-2
Let j(m) = -m. Let l be j(4). Let r be -3 - (20/50 - l/(-10)). Let x(u) = u**2 + 2*u + 3. What is x(r)?
6
Let t(m) = -m**3 - m**2 - 2*m - 4. Let b = -639 - -639. Calculate t(b).
-4
Let f(g) = -g**2 + 7*g - 4. Suppose -3 = 6*u - 7*u. Let s(d) = 3 + 2 - u - d + 2. Let y be s(-3). What is f(y)?
-4
Let x(g) = -g + 4. Suppose 14 = 4*t + 5*f, 5*t + f = 27 + 1. Determine x(t).
-2
Let v(h) = -h**3 - 3*h**2 - h - 5. Let c = 5 - -2. Suppose 2*m = c*m - 25. Suppose -3*d + 29 = -m*p, 0 = 2*p - 6*p - 4*d - 4. Give v(p).
15
Let a(l) = 15*l**3 - l**2 - 5*l + 6. Let b(r) = 30*r**3 - 2*r**2 - 11*r + 13. Let s(y) = -13*a(y) + 6*b(y). What is s(1)?
-15
Let j(m) = -m**3 + 6*m. Let q be (-33)/6 + 30/12. Calculate j(q).
9
Let p(l) = l**2 - 2*l - 2. Let i = -338 - -341. Calculate p(i).
1
Let r(a) be the third derivative of -7/24*a**4 + 0 + 1/60*a**5 + 0*a + 3/2*a**3 + 5*a**2. Give r(6).
3
Let l(g) = -8*g**2 - g - 5 + g**3 - 3*g - 5*g. Suppose 0 = 35*y + y + 32*y - 612. Give l(y).
-5
Let l(x) = 23 - x - 4 - 14. Let j(n) = 1. Let b = 19 + -18. Let d(z) = b*l(z) + 6*j(z). Determine d(8).
3
Suppose -4*s - 3*w = -17 - 25, 11 = s + w. Suppose 2*f = -2*g - f + 17, -3*f = -s. Suppose -3*c = -g*c + 4. Let i(z) = -2*z - 1. Determine i(c).
-9
Let m(f) = 3*f**2 - f - 9. Let i(w) = 16*w**2 - 3*w - 46. Let k(c) = 2*i(c) - 11*m(c). What is k(5)?
7
Let m(h) = -h - 3. Let w be (-2)/1 + (6 - 2). Suppose 0 = 2*i + 2*o + 4, 0 = -0*i - w*i - 5*o - 16. Suppose 2*x = -0*p + 4*p + 10, -x = 5*p + i. Determine m(x).
-6
Let u(j) = -9*j**3 - j**2 + 16*j - 1. Let w(k) = -k**3 + 2*k. Let i(z) = 2*u(z) - 17*w(z). Calculate i(-2).
2
Let c = 6 - -2. Let r(j) be the third derivative of -j**5/60 + 7*j**4/24 + j**3/3 + 52*j**2. Calculate r(c).
-6
Let t(f) = f**2 + 2*f + 8. Let b(r) = -2*r. Let n(v) = -6*b(v) - t(v). Give n(8).
8
Let h(i) = -i - 4. Let g(s) = -13*s**2 - 3*s - 2. Let b be g(-2). Let v be 1/5 - b/(-40). Let d(k) = -k. Let m(z) = v*h(z) + 4*d(z). Give m(6).
-14
Let x(w) = -w**2 + 3*w - 6. Let a be 1 - 3 - (109 - 116). What is x(a)?
-16
Let q(k) be the third derivative of k**7/280 - k**6/90 + k**5/120 + k**4/12 - 2*k**3/3 + 23*k**2. Let f(o) be the first derivative of q(o). What is f(2)?
12
Let k(g) = 8 + 2*g + g**3 - 15*g + 6*g + 5*g**2. Calculate k(-6).
14
Let i(u) = u**3 - 2*u + 1. Let y(r) = 3 - 1 - 2 - r**2 + r. Let p(m) = m**3 - m**2 + 4*m - 5. Let w(a) = -p(a) + 5*y(a). Let s be w(-4). What is i(s)?
0
Let x be (-8 + 4 - -3)/1. Let w(m) = -7*m**3 + m. Let d be w(x). Let i(u) = u - 3. Let r be i(d). Let p(f) = f**2 - 5*f + 1. Calculate p(r).
-5
Let s(l) be the third derivative of 0*l + 3*l**2 + 0 - 1/6*l**4 + 7/60*l**5 + 1/3*l**3. Give s(2).
22
Let b(i) = -13*i**2 - i - 1. Suppose 4 = -12*z + 8*z. What is b(z)?
-13
Let j(i) = 36*i**2 - 3*i - 37*i**2 - 1 - 1. Give j(-5).
-12
Suppose 0 = -0*s + s - 1. Let c(a) be the third derivative of 1/6*a**3 - 8 + 1/60*a**5 + 0*a - 6*a**2 - 1/12*a**4 + 1/40*a**6. Determine c(s).
3
Let p(w) be the third derivative of 1/8*w**4 - 1/120*w**6 + 1/2*w**3 - 11*w**2 + 0 + 1/15*w**5 + 0*w. Give p(5).
-7
Let w(y) = 97 - 198 + 3*y - y + 104 + 4*y**2 + y**3. Determine w(-3).
6
Let r(z) = z**3 - z**2 + z. Let o(s) = s**3 - 32*s**2 + 33*s - 62. Let c be o(31). Calculate r(c).
0
Suppose 1324*j - 1714*j + 52 = 3172. Let b(y) be the second derivative of -y**3/6 + y**2/2 + y. Determine b(j).
9
Let i(m) = m**3 + 23*m**2 - m - 20. Let v be i(-23). Let n(z) be the first derivative of -z**2/2 + 7*z - 3. What is n(v)?
4
Let l(w) be the second derivative of -w**5/20 - w**4/3 - 5*w**2/2 + w. Let d(y) = -y**2 - 3*y + 7. Let s be d(-2). Suppose 15 + 21 = -s*v. Determine l(v).
-5
Suppose 0 - 14 = w - 4*l, l - 12 = -4*w. Let j(k) = k**w - 67 + 142 - 74 + 2*k. Let n(i) = -i**2 - 3*i - 1. Let o be n(-3). Determine j(o).
0
Let h = -6 + 10. Let c be 1/h + 45/(-20). Let s(y) = -34 + 6*y + y + 33. Give s(c).
-15
Let f be (-7 - -2)*(-6 + 1). Let z(a) = -a + 0*a - f + 15. Let n(g) = g**2 + 4*g - 6. Let w be n(-4). Determine z(w).
-4
Let c(f) = 7*f - 22. Let n(s) = -s + 4*s + 0*s - 11. Let q be 12/(-3) + (-10 - -12). Let z(x) = q*c(x) + 5*n(x). Determine z(6).
-5
Let w(o) be the first derivative of o**3/3 - 3*o**2 + 2*o - 5. Suppose 5*q - 7*q + 18 = 2*d, -3*q + 3*d = 3. Determine w(q).
-6
Let g(y) = 2*y - 5. Suppose 2*w + 5*c - 11 = -3, 5*c = 0. Suppose -2*b = -2*r + r + 1, -5*b - w = -r. Let z = 5 + b. Give g(z).
3
Let z = 1 + -1. Let k(t) = 2*t**2 + z*t**3 - t**3 - 5*t**3 - 1 + t**3. Let w be 21/28 + 2/8. Determine k(w).
-4
Let k(o) = -o**2 + 9*o - 15. Suppose -3*s + q = -14 + 1, -s - 5*q = -15. What is k(s)?
5
Let y be (-2)/4 - 30/(-4). Let n(p) = -7 + 103*p**3 - 44*p**3 - 58*p**3 - 8*p - 6*p**2. What is n(y)?
-14
Let c(k) = -5*k + 2 - 3*k**2 - 4*k**3 + 0 + 5*k**3. Suppose 0 = 4*z - 23 + 15. Suppose 0 = -z*b - 2*i, 2*b + 8 = 6*b + 2*i. Calculate c(b).
-2
Let o = 32 + -12. Suppose -5*s - o = -10*s. Let i(f) = f**3 + 0*f**3 - 3*f - 2 + 7 - 23*f**2 + 19*f**2. Give i(s).
-7
Let m(o) be the second derivative of -o**4/12 + 17*o**3/6 - 37*o**2/2 + o + 748. What is m(14)?
5
Let q be 2 - (2 + -3)*3. Let z(l) = 0 + 1 + 265*l + 1 - 267*l. Give z(q).
-8
Let i = 359 + -361. Let k(j) = -3*j**2 + 4*j + 2. Let r(v) = 3*v**2 - 5*v - 2. Let y(z) = 5*k(z) + 4*r(z). Determine y(i).
-10
Let k(h) = h**3 + 10*h**2 + 8*h - 6. Suppose y - 5*d = 20, -y - d + 0*d = -8. Suppose -26 = 4*c + y. Give k(c).
3
Let x(u) = 0 + 5 - 7*u - 2 - u**2. Suppose 0 = -39*l - 157 - 77. Give x(l).
9
Let q(z) be the first derivative of -z**3/3 + 19*z**2/2 - 40*z + 590. Give q(16).
8
Let q(f) = -f**3 - 47*f**2 - 20. Let w be q(-47). Let p(u) = -u**3 - 21*u**2 - 19*u + 21. Give p(w).
1
Suppose t - 5 = x - 11, -3*x = -5*t - 26. Suppose -5*q - 5*o = 55, -6*q + x*o - 32 = -2*q. Let l(s) = -s - 2. Determine l(q).
7
Let m(d) = d**2 - 7*d**2 + 3*d**2 + 2 - d**3. Let v be m(-3). Suppose 0 = -v*h + 4*h - 6. Let l(b) = b**3 - 4*b**2 + 2*b. Calculate l(h).
-3
Let i be 1/(-3)*(-19 - -4). Suppose -17 = -i*g + 8. Suppose 0 = g*v - 2*v + o - 20, 20 = 5*v - o. Let h(s) = -s**3 + 6*s**2 - 7*s + 2. Calculate h(v).
-8
Let q(w) = w**3 + 5*w**2 + 3*w - 1. Suppose -3*l = -4*j + 2*l + 13, 0 = -j + 2*l + 7. Determine q(j).
8
Let u(w) = -w + 1. Let k be u(5). Let c(f) = -3 - 73*f + 3*f**2 - 4*f**2 + 69*f. Give c(k).
-3
Let g(j) = -171*j + 0*j**2 + 176*j + j**2 + 2*j**2 - 2*j**2 - 7. Suppose -3*q = 2*c + 11, -3*c + 0*q = 2*q + 19. What is g(c)?
7
Let n be 16 - -3*8/(-6). Suppose 0 = -z + 4*z - n. Let s(d) be the third derivative of -d**6/120 + d**5/15 + d**4/24 - 2*d**3/3 + 2*d**2. Calculate s(z).
0
Let r(m) = -2*m - 2. Suppose -3*f - 81 = -6*f. Let h(y) = -y**3 + 25*y**2 + 53*y + 23. Let s be h(f). Give r(s).
6
Let s(b) = 8*b + 30. Let x(w) = -9*w - 31. Let j(y) = -6*s(y) - 5*x(y). What is j(-7)?
-4
Let z = 20 + -20. Let t = 4 - z. Let g(k) = -21*k - 18*k + 38*k + 2. Determine g(t).
-2
Let a(v) = v**3 + 2*v**2 - 11*v + 7. Let z(j) = -2*j**2 - 2*j. Let m(y) = a(y) - 2*z(y). What is m(-7)?
7
Let i(n) 